 r?
12
Let g(k) = 5*k + 819. Let q be g(80). Calculate the highest common divisor of 106 and q.
53
Let h be (-31 - -1)*(3 + (-18)/81*24). Calculate the greatest common factor of 1302 and h.
14
Let k(r) = -15*r - 7. Let u(h) = -31*h - 13. Let y(x) = 5*k(x) - 2*u(x). Let b be y(-3). Calculate the highest common factor of 5 and b.
5
Suppose -3*g = k - 290 - 4, -2*g = -7*k - 196. Calculate the greatest common factor of 1162 and g.
14
Suppose 0 = 2*t + 2*r - 180, -6*t + 11*t + r = 442. What is the greatest common factor of t and 296?
8
Suppose 4*s = 12, 4*s - 882 = 3*d - 6*d. What is the highest common factor of 105 and d?
5
Suppose 8*o - 12 = 5*o. Suppose 0 = -l - o*c + 48, -6*c = l - 3*c - 47. Calculate the greatest common factor of l and 2.
2
Let z(w) = w**2 + 673*w + 4666. Let j be z(-7). What is the highest common factor of j and 746?
2
Suppose -416 = m - 14*m. Suppose -8*s = -43 - 221. Let u = s + -29. What is the highest common divisor of m and u?
4
Let t be 1/(-2) + (-135)/2. Let r = -46 - t. Let s be (-38)/(-57) + 1/5*775/15. Calculate the greatest common factor of r and s.
11
Suppose 4*c = p + 31771, 0 = 2*c - 2*p + 3372 - 19262. What is the greatest common divisor of c and 44?
22
Let h = 1724 - 1706. Suppose -11*l + 12*l = 22. Calculate the highest common divisor of h and l.
2
Suppose 27*l = 26*l + 2. Let t(i) = i**2 + 6*i**l - 4*i**2 - 2*i**2 + 2*i - 1. Let z be t(-5). What is the greatest common divisor of 7 and z?
7
Suppose m - 3*i = -32, 4*m + i + 0*i = -102. Let a be (-24)/(-4) + -6 - (-3 + m). What is the highest common divisor of a and 1?
1
Suppose 3*l + 3*s + 0*s + 237 = 0, -4*s + 20 = 0. Let w = -32 - l. Suppose -w = -2*j - 18. Calculate the highest common factor of j and 85.
17
Suppose 9 = -7*w + 10*w. Let l be w/(99/(-20388)) + 8/(-44). Let u be 2/7 - l/42. Calculate the greatest common factor of u and 15.
15
Let d(h) be the third derivative of -h**4/12 + 13*h**3/3 - 8*h**2 + h. Let y be d(-5). What is the greatest common divisor of 126 and y?
18
Let l(u) = 5*u**3 - 7*u**2 + 4*u. Let n = 77 - 74. Let x be l(n). Calculate the highest common factor of x and 42.
42
Let j = -3393 + 3410. Suppose 2*u - 181 = 261. What is the highest common factor of j and u?
17
Suppose -146*v = -34*v - 207872. What is the highest common factor of v and 580?
116
Let j = -127 - -129. Suppose 2 = -j*m, 2*m = -25*d + 26*d - 130. What is the greatest common divisor of d and 320?
64
Suppose 4*j + 232 = -2*m, -2*j - 5*m = 50 + 50. Let k = 156 - j. Calculate the highest common factor of 24 and k.
24
Let b be (0 - -74)*(3/(-4))/((-45)/2310). Calculate the highest common divisor of 231 and b.
77
Let t be 11 - 0 - 6/2. Let g be (3*(-1)/(-3))/(0 + -1). Let w(j) = -8*j**3 - j**2 - 2*j - 1. Let r be w(g). Calculate the highest common divisor of t and r.
8
Let d = -14 - -24. Let y(a) = 41*a**2 + 6*a - 6. Let s be y(2). Calculate the greatest common factor of s and d.
10
Let z(b) be the first derivative of 2*b**3/3 + 6*b**2 + 28*b - 23. Let i be z(-6). Calculate the highest common divisor of 56 and i.
28
Suppose -171 = -8*h + 709. Let m = 117 - h. What is the highest common divisor of m and 7?
7
Suppose 2*k = 5*k - 294. Let v = 9373 - 9128. What is the highest common divisor of v and k?
49
Let x(u) = u**2 - 44*u - 488. Let y be x(54). Calculate the greatest common factor of 949 and y.
13
Let y(j) = -j + 35 - 59 + 32. Let p be y(1). Let l(o) = 4*o**2 + 6*o + 4. Let c be l(p). What is the highest common factor of c and 22?
22
Let y = 39 + -11. Let n = 21 + y. Suppose -4*v + n = -11. Calculate the highest common divisor of v and 5.
5
Let v(d) = 4*d - 13. Let h be v(7). Let x be ((-36)/h)/((33/(-20))/11). What is the highest common factor of 448 and x?
16
Let x = 2301 + -751. Let k(c) = -2*c**3 + 82*c**2 + 298*c - 8926. Let v be k(42). What is the highest common divisor of x and v?
62
Let w be (3 - -1)*3/4. Let x be w*(-2 - (-10)/15). Let c be x*(-5 - -4)*3. What is the greatest common divisor of c and 132?
12
Let j = -30 + 38. Suppose 0 = -22*y + 17*y + 710. Suppose 5*f - j = y. What is the highest common divisor of f and 210?
30
Let n(z) = -z**2 + 17*z - 22. Let t be n(16). Let p(q) = 2*q + 14. Let u be p(t). Suppose u*x + 350 = 7*x. Calculate the greatest common divisor of x and 28.
14
Suppose 6*k = -2*k + 80. Let l be 8 + ((-60)/50)/((-3)/k). What is the greatest common divisor of l and 14?
2
Let q = -30404 - -30971. Calculate the greatest common divisor of q and 42.
21
Let i(z) = -2*z**2 - 16*z + 4. Let j be i(-8). Suppose j*l - 297 + 29 = 0. Let c = l + -48. What is the highest common factor of 38 and c?
19
Let l(d) = -d**3 + 20*d**2 - 75*d + 102. Let h be l(15). What is the greatest common divisor of h and 40494?
102
Let p = 1303 + -1286. Calculate the greatest common divisor of 493 and p.
17
Let k = 2776 + -676. Suppose 9*o - 24*o = -k. Calculate the highest common factor of 175 and o.
35
Let a = 3536 + -2944. What is the highest common factor of 64 and a?
16
Suppose -4*b = -4*u - 18 + 162, -2*b = 3*u - 133. Calculate the highest common divisor of 2952 and u.
41
Let v(f) = -103*f + 57. Let j be v(0). Suppose -m = -4*m + 6. Suppose 2*o + m*o - 76 = -4*h, 5*o - 3*h = 95. Calculate the highest common factor of o and j.
19
Suppose -766 + 151 = -5*f. Suppose 0 = -5*i + f + 17. Calculate the highest common divisor of i and 175.
7
Let r be 217/3 - 34/(-51). Suppose 3*p - 106 - r = -5*t, 0 = 2*t - 5*p - 84. Let y = t + -32. Calculate the highest common factor of 15 and y.
5
Suppose 9*x - 153 = -8*x. Suppose -38 - 43 = -x*c. What is the greatest common factor of 117 and c?
9
Let g(r) = -r**3 - 26*r**2 + 46*r - 33. Let k be g(-30). What is the greatest common factor of k and 27?
27
Suppose q = o + 367, -6*o + 9*o = -3*q + 1071. What is the highest common divisor of q and 36743?
181
Suppose -5*w = 1 - 21. Suppose 3*i + 18 = 3*t, -18 = -0*t - 2*t - w*i. Let o(d) = 5*d - 15. Let r be o(t). What is the greatest common factor of 220 and r?
20
Let p be (28/4 - 11)*-1. Suppose -p*x + 885 = 3*l, -x + 0*x - 3 = 0. Calculate the highest common factor of 13 and l.
13
Let u = -5280 - -5520. What is the highest common factor of u and 1488?
48
Suppose 3*d - 71 = 3*v + v, 16 = 4*v. Suppose 66*y = 65*y + d. What is the greatest common factor of y and 232?
29
Let g be 11480/(-100)*10/(-4). Calculate the greatest common factor of g and 82.
41
Let t(f) be the second derivative of 41*f**3/3 - 89*f**2/2 + 3*f - 7. Let v be t(6). Calculate the highest common factor of v and 31.
31
Let h be 1/(-5) + (-464)/(-20) + 1. Let x(r) = 14*r**2 - 24*r - 92. Let d be x(-4). Calculate the greatest common factor of d and h.
12
Let g = -2247 + 2153. Let z = g - -114. Let m = -17 - -37. Calculate the highest common divisor of z and m.
20
Let g be ((-183610)/(-2989))/(2/28). Calculate the highest common factor of 30 and g.
10
Let b(o) = -o**3 + 9*o**2 - 8*o - 17. Let i be b(6). Suppose 7*c = i + 76. Calculate the highest common factor of 187 and c.
17
Let l = 42 + -38. Suppose -l*h + 7*h = -84. Let p be (-1080)/h + (-8)/14. Calculate the greatest common divisor of p and 95.
19
Suppose 3*k - 936 = -3*j + 1611, 5*j + 4*k = 4248. Calculate the highest common divisor of j and 60.
12
Let n = -5 + 59. Suppose 2*w - v - v + n = 0, w + 21 = -v. Let g be -3 - (7 + -4 + w). Calculate the greatest common divisor of g and 18.
18
Let l(s) = 2*s - 23. Let r be l(14). Let a = 0 - -4. Let m be a/(-18) + (-497)/(-9). Calculate the highest common factor of m and r.
5
Let s(u) = 74*u - 194. Let x be s(4). Calculate the greatest common divisor of 442 and x.
34
Suppose 3*t + 12 = 4*a + 1, 5*a = -3*t + 34. Suppose -g - 138 = -t*g. What is the highest common factor of g and 46?
23
Suppose 67*l = 65*l + 120. Let w be ((-3)/((-9)/(-2)))/(l/(-7650)). What is the greatest common factor of w and 5?
5
Let r(h) = -12*h + 15. Let d be (-4)/10 + 4522/(-70). Let u = 61 + d. Let o be r(u). What is the highest common factor of 21 and o?
21
Suppose -165*z + 14818 = 6680 - 39382. What is the greatest common divisor of 768 and z?
96
Suppose 0 = -38*j + 30*j + 880. What is the greatest common factor of 44 and j?
22
Suppose 99*v + 64*v - 1809 = -38*v. Suppose -3*n + 107 + 28 = 0. Calculate the greatest common divisor of n and v.
9
Let a = -5